{"version":"1.0","provider_name":"TVSensor","provider_url":"https:\/\/tvsensor.com","title":"\u017drtve genocida u Srebrenici podr\u017eale humanitarnu akciju za Bangui","type":"rich","width":600,"height":338,"html":"<blockquote class=\"wp-embedded-content\" data-secret=\"Y7KxeGEJZC\"><a href=\"https:\/\/tvsensor.com\/clanak\/zrtve-genocida-u-srebrenici-podrzale-humanitarnu-akciju-za-bangui\/\">\u017drtve genocida u Srebrenici podr\u017eale humanitarnu akciju za Bangui<\/a><\/blockquote><iframe sandbox=\"allow-scripts\" security=\"restricted\" src=\"https:\/\/tvsensor.com\/clanak\/zrtve-genocida-u-srebrenici-podrzale-humanitarnu-akciju-za-bangui\/embed\/#?secret=Y7KxeGEJZC\" width=\"600\" height=\"338\" title=\"&#8220;\u017drtve genocida u Srebrenici podr\u017eale humanitarnu akciju za Bangui&#8221; &#8212; TVSensor\" data-secret=\"Y7KxeGEJZC\" frameborder=\"0\" marginwidth=\"0\" marginheight=\"0\" scrolling=\"no\" class=\"wp-embedded-content\"><\/iframe><script type=\"text\/javascript\">\n\/* <![CDATA[ *\/\n\/*! This file is auto-generated *\/\n!function(d,l){\"use strict\";l.querySelector&&d.addEventListener&&\"undefined\"!=typeof URL&&(d.wp=d.wp||{},d.wp.receiveEmbedMessage||(d.wp.receiveEmbedMessage=function(e){var t=e.data;if((t||t.secret||t.message||t.value)&&!\/[^a-zA-Z0-9]\/.test(t.secret)){for(var s,r,n,a=l.querySelectorAll('iframe[data-secret=\"'+t.secret+'\"]'),o=l.querySelectorAll('blockquote[data-secret=\"'+t.secret+'\"]'),c=new RegExp(\"^https?:$\",\"i\"),i=0;i<o.length;i++)o[i].style.display=\"none\";for(i=0;i<a.length;i++)s=a[i],e.source===s.contentWindow&&(s.removeAttribute(\"style\"),\"height\"===t.message?(1e3<(r=parseInt(t.value,10))?r=1e3:~~r<200&&(r=200),s.height=r):\"link\"===t.message&&(r=new URL(s.getAttribute(\"src\")),n=new URL(t.value),c.test(n.protocol))&&n.host===r.host&&l.activeElement===s&&(d.top.location.href=t.value))}},d.addEventListener(\"message\",d.wp.receiveEmbedMessage,!1),l.addEventListener(\"DOMContentLoaded\",function(){for(var e,t,s=l.querySelectorAll(\"iframe.wp-embedded-content\"),r=0;r<s.length;r++)(t=(e=s[r]).getAttribute(\"data-secret\"))||(t=Math.random().toString(36).substring(2,12),e.src+=\"#?secret=\"+t,e.setAttribute(\"data-secret\",t)),e.contentWindow.postMessage({message:\"ready\",secret:t},\"*\")},!1)))}(window,document);\n\/* ]]> *\/\n<\/script>\n","thumbnail_url":"https:\/\/tvsensor.com\/wp-content\/uploads\/2021\/02\/bangui-1614068794.jpg","thumbnail_width":1200,"thumbnail_height":844,"description":"Centralnoafri\u010dka Republika se ovih dana suo\u010dava sa eskalacijom sukoba izme\u0111u vladinih snaga sa sjedi\u0161tem u glavnom gradu Banguiju i pobunjenika. Vi\u0161e od 250.000 ljudi je raseljeno zbog borbi koje traju od decembra 2020. godine, navode iz Memorijalnog centra Srebrenica. Nakon svrgavanja predsjednika Francoisa Bozizea 2013. godine, zemlja se suo\u010dila sa gra\u0111anskim ratom izme\u0111u kr\u0161\u0107anskih i [&hellip;]"}

Žrtve genocida u Srebrenici podržale humanitarnu akciju za Bangui

<blockquote class="wp-embedded-content" data-secret="Y7KxeGEJZC"><a href="https://tvsensor.com/clanak/zrtve-genocida-u-srebrenici-podrzale-humanitarnu-akciju-za-bangui/">Žrtve genocida u Srebrenici podržale humanitarnu akciju za Bangui</a></blockquote><iframe sandbox="allow-scripts" security="restricted" src="https://tvsensor.com/clanak/zrtve-genocida-u-srebrenici-podrzale-humanitarnu-akciju-za-bangui/embed/#?secret=Y7KxeGEJZC" width="600" height="338" title="&#8220;Žrtve genocida u Srebrenici podržale humanitarnu akciju za Bangui&#8221; &#8212; TVSensor" data-secret="Y7KxeGEJZC" frameborder="0" marginwidth="0" marginheight="0" scrolling="no" class="wp-embedded-content"></iframe><script type="text/javascript">
/* <![CDATA[ */
/*! This file is auto-generated */
!function(d,l){"use strict";l.querySelector&&d.addEventListener&&"undefined"!=typeof URL&&(d.wp=d.wp||{},d.wp.receiveEmbedMessage||(d.wp.receiveEmbedMessage=function(e){var t=e.data;if((t||t.secret||t.message||t.value)&&!/[^a-zA-Z0-9]/.test(t.secret)){for(var s,r,n,a=l.querySelectorAll('iframe[data-secret="'+t.secret+'"]'),o=l.querySelectorAll('blockquote[data-secret="'+t.secret+'"]'),c=new RegExp("^https?:$","i"),i=0;i<o.length;i++)o[i].style.display="none";for(i=0;i<a.length;i++)s=a[i],e.source===s.contentWindow&&(s.removeAttribute("style"),"height"===t.message?(1e3<(r=parseInt(t.value,10))?r=1e3:~~r<200&&(r=200),s.height=r):"link"===t.message&&(r=new URL(s.getAttribute("src")),n=new URL(t.value),c.test(n.protocol))&&n.host===r.host&&l.activeElement===s&&(d.top.location.href=t.value))}},d.addEventListener("message",d.wp.receiveEmbedMessage,!1),l.addEventListener("DOMContentLoaded",function(){for(var e,t,s=l.querySelectorAll("iframe.wp-embedded-content"),r=0;r<s.length;r++)(t=(e=s[r]).getAttribute("data-secret"))||(t=Math.random().toString(36).substring(2,12),e.src+="#?secret="+t,e.setAttribute("data-secret",t)),e.contentWindow.postMessage({message:"ready",secret:t},"*")},!1)))}(window,document);
/* ]]> */
</script>

Centralnoafrička Republika se ovih dana suočava sa eskalacijom sukoba između vladinih snaga sa sjedištem u glavnom gradu Banguiju i pobunjenika. Više od 250.000 ljudi je raseljeno zbog borbi koje traju od decembra 2020. godine, navode iz Memorijalnog centra Srebrenica. Nakon svrgavanja predsjednika Francoisa Bozizea 2013. godine, zemlja se suočila sa građanskim ratom između kršćanskih i [&hellip;]
