{"version":"1.0","provider_name":"TVSensor","provider_url":"https:\/\/tvsensor.com","title":"Zastava bih s ljiljanima vijori se u centru Sarajeva","type":"rich","width":600,"height":338,"html":"<blockquote class=\"wp-embedded-content\" data-secret=\"5WYvmIacg8\"><a href=\"https:\/\/tvsensor.com\/clanak\/zastava-bih-s-ljiljanima-vijori-se-u-centru-sarajeva\/\">Zastava bih s ljiljanima vijori se u centru Sarajeva<\/a><\/blockquote><iframe sandbox=\"allow-scripts\" security=\"restricted\" src=\"https:\/\/tvsensor.com\/clanak\/zastava-bih-s-ljiljanima-vijori-se-u-centru-sarajeva\/embed\/#?secret=5WYvmIacg8\" width=\"600\" height=\"338\" title=\"&#8220;Zastava bih s ljiljanima vijori se u centru Sarajeva&#8221; &#8212; TVSensor\" data-secret=\"5WYvmIacg8\" frameborder=\"0\" marginwidth=\"0\" marginheight=\"0\" scrolling=\"no\" class=\"wp-embedded-content\"><\/iframe><script type=\"text\/javascript\">\n\/* <![CDATA[ *\/\n\/*! This file is auto-generated *\/\n!function(d,l){\"use strict\";l.querySelector&&d.addEventListener&&\"undefined\"!=typeof URL&&(d.wp=d.wp||{},d.wp.receiveEmbedMessage||(d.wp.receiveEmbedMessage=function(e){var t=e.data;if((t||t.secret||t.message||t.value)&&!\/[^a-zA-Z0-9]\/.test(t.secret)){for(var s,r,n,a=l.querySelectorAll('iframe[data-secret=\"'+t.secret+'\"]'),o=l.querySelectorAll('blockquote[data-secret=\"'+t.secret+'\"]'),c=new RegExp(\"^https?:$\",\"i\"),i=0;i<o.length;i++)o[i].style.display=\"none\";for(i=0;i<a.length;i++)s=a[i],e.source===s.contentWindow&&(s.removeAttribute(\"style\"),\"height\"===t.message?(1e3<(r=parseInt(t.value,10))?r=1e3:~~r<200&&(r=200),s.height=r):\"link\"===t.message&&(r=new URL(s.getAttribute(\"src\")),n=new URL(t.value),c.test(n.protocol))&&n.host===r.host&&l.activeElement===s&&(d.top.location.href=t.value))}},d.addEventListener(\"message\",d.wp.receiveEmbedMessage,!1),l.addEventListener(\"DOMContentLoaded\",function(){for(var e,t,s=l.querySelectorAll(\"iframe.wp-embedded-content\"),r=0;r<s.length;r++)(t=(e=s[r]).getAttribute(\"data-secret\"))||(t=Math.random().toString(36).substring(2,12),e.src+=\"#?secret=\"+t,e.setAttribute(\"data-secret\",t)),e.contentWindow.postMessage({message:\"ready\",secret:t},\"*\")},!1)))}(window,document);\n\/* ]]> *\/\n<\/script>\n","thumbnail_url":"https:\/\/tvsensor.com\/wp-content\/uploads\/2021\/03\/zastava-ljiljani-1.jpg","thumbnail_width":800,"thumbnail_height":1067,"description":"U BiH se danas obilje\u017eava Dan nezavisnosti. Podsje\u0107amo, na dana\u0161nji dan prije 29 godina, gra\u0111ani su iza\u0161li su na referendum historijskog zna\u010daja koji je imao za cilj utvrditi da li su za nezavisnu i suverenu dr\u017eavu. I dok traje obilje\u017eavanje i proslava ovog velikog dana, u glavnom gradu na\u0161e domovine danas se vijorila i zastava [&hellip;]"}

U BiH se danas obilježava Dan nezavisnosti. Podsjećamo, na današnji dan prije 29 godina, građani su izašli su na referendum historijskog značaja koji je imao za cilj utvrditi da li su za nezavisnu i suverenu državu. I dok traje obilježavanje i proslava ovog velikog dana, u glavnom gradu naše domovine danas se vijorila i zastava [&hellip;]
