{"version":"1.0","provider_name":"TVSensor","provider_url":"https:\/\/tvsensor.com","title":"U Visokom sutra otvorenje manifestacije \"Dani Zaima Muzaferije\"","type":"rich","width":600,"height":338,"html":"<blockquote class=\"wp-embedded-content\" data-secret=\"q6hDNQvDas\"><a href=\"https:\/\/tvsensor.com\/clanak\/u-visokom-sutra-otvorenje-manifestacije-dani-zaima-muzaferije\/\">U Visokom sutra otvorenje manifestacije &#8220;Dani Zaima Muzaferije&#8221;<\/a><\/blockquote><iframe sandbox=\"allow-scripts\" security=\"restricted\" src=\"https:\/\/tvsensor.com\/clanak\/u-visokom-sutra-otvorenje-manifestacije-dani-zaima-muzaferije\/embed\/#?secret=q6hDNQvDas\" width=\"600\" height=\"338\" title=\"&#8220;U Visokom sutra otvorenje manifestacije &#8220;Dani Zaima Muzaferije&#8221;&#8221; &#8212; TVSensor\" data-secret=\"q6hDNQvDas\" frameborder=\"0\" marginwidth=\"0\" marginheight=\"0\" scrolling=\"no\" class=\"wp-embedded-content\"><\/iframe><script type=\"text\/javascript\">\n\/* <![CDATA[ *\/\n\/*! This file is auto-generated *\/\n!function(d,l){\"use strict\";l.querySelector&&d.addEventListener&&\"undefined\"!=typeof URL&&(d.wp=d.wp||{},d.wp.receiveEmbedMessage||(d.wp.receiveEmbedMessage=function(e){var t=e.data;if((t||t.secret||t.message||t.value)&&!\/[^a-zA-Z0-9]\/.test(t.secret)){for(var s,r,n,a=l.querySelectorAll('iframe[data-secret=\"'+t.secret+'\"]'),o=l.querySelectorAll('blockquote[data-secret=\"'+t.secret+'\"]'),c=new RegExp(\"^https?:$\",\"i\"),i=0;i<o.length;i++)o[i].style.display=\"none\";for(i=0;i<a.length;i++)s=a[i],e.source===s.contentWindow&&(s.removeAttribute(\"style\"),\"height\"===t.message?(1e3<(r=parseInt(t.value,10))?r=1e3:~~r<200&&(r=200),s.height=r):\"link\"===t.message&&(r=new URL(s.getAttribute(\"src\")),n=new URL(t.value),c.test(n.protocol))&&n.host===r.host&&l.activeElement===s&&(d.top.location.href=t.value))}},d.addEventListener(\"message\",d.wp.receiveEmbedMessage,!1),l.addEventListener(\"DOMContentLoaded\",function(){for(var e,t,s=l.querySelectorAll(\"iframe.wp-embedded-content\"),r=0;r<s.length;r++)(t=(e=s[r]).getAttribute(\"data-secret\"))||(t=Math.random().toString(36).substring(2,12),e.src+=\"#?secret=\"+t,e.setAttribute(\"data-secret\",t)),e.contentWindow.postMessage({message:\"ready\",secret:t},\"*\")},!1)))}(window,document);\n\/* ]]> *\/\n<\/script>\n","thumbnail_url":"https:\/\/tvsensor.com\/wp-content\/uploads\/2019\/11\/IMG_4666-scaled.jpg","thumbnail_width":2560,"thumbnail_height":1707,"description":"Na otvorenju \u0107e govoriti organizatori i gosti Manifestacije, bi\u0107e predstavljen katalog sa pro\u0161logodi\u0161nje manifestacije te otvorena Izlo\u017eba izabranih djela Romana Petrovi\u0107a, uz promociju prigodnog kataloga. Moderator na otvorenju bi\u0107e mladi student glume sa ASU Sarajevo, Faris Pinjo. Nakon otvorenja u Gradskom kinu Visoko \u0107e biti izvedena predstava &#8220;Slavna Florens&#8221; u izvo\u0111enju Kamernog teatra 55. Izvor: [&hellip;]"}

Na otvorenju će govoriti organizatori i gosti Manifestacije, biće predstavljen katalog sa prošlogodišnje manifestacije te otvorena Izložba izabranih djela Romana Petrovića, uz promociju prigodnog kataloga. Moderator na otvorenju biće mladi student glume sa ASU Sarajevo, Faris Pinjo. Nakon otvorenja u Gradskom kinu Visoko će biti izvedena predstava &#8220;Slavna Florens&#8221; u izvođenju Kamernog teatra 55. Izvor: [&hellip;]
