{"version":"1.0","provider_name":"TVSensor","provider_url":"https:\/\/tvsensor.com","title":"U Podgorici odr\u017ean protest zbog mjera protiv koronavirusa","type":"rich","width":600,"height":338,"html":"<blockquote class=\"wp-embedded-content\" data-secret=\"UfjukOwmrO\"><a href=\"https:\/\/tvsensor.com\/clanak\/u-podgorici-odrzan-protest-zbog-mjera-protiv-koronavirusa\/\">U Podgorici odr\u017ean protest zbog mjera protiv koronavirusa<\/a><\/blockquote><iframe sandbox=\"allow-scripts\" security=\"restricted\" src=\"https:\/\/tvsensor.com\/clanak\/u-podgorici-odrzan-protest-zbog-mjera-protiv-koronavirusa\/embed\/#?secret=UfjukOwmrO\" width=\"600\" height=\"338\" title=\"&#8220;U Podgorici odr\u017ean protest zbog mjera protiv koronavirusa&#8221; &#8212; TVSensor\" data-secret=\"UfjukOwmrO\" frameborder=\"0\" marginwidth=\"0\" marginheight=\"0\" scrolling=\"no\" class=\"wp-embedded-content\"><\/iframe><script type=\"text\/javascript\">\n\/* <![CDATA[ *\/\n\/*! This file is auto-generated *\/\n!function(d,l){\"use strict\";l.querySelector&&d.addEventListener&&\"undefined\"!=typeof URL&&(d.wp=d.wp||{},d.wp.receiveEmbedMessage||(d.wp.receiveEmbedMessage=function(e){var t=e.data;if((t||t.secret||t.message||t.value)&&!\/[^a-zA-Z0-9]\/.test(t.secret)){for(var s,r,n,a=l.querySelectorAll('iframe[data-secret=\"'+t.secret+'\"]'),o=l.querySelectorAll('blockquote[data-secret=\"'+t.secret+'\"]'),c=new RegExp(\"^https?:$\",\"i\"),i=0;i<o.length;i++)o[i].style.display=\"none\";for(i=0;i<a.length;i++)s=a[i],e.source===s.contentWindow&&(s.removeAttribute(\"style\"),\"height\"===t.message?(1e3<(r=parseInt(t.value,10))?r=1e3:~~r<200&&(r=200),s.height=r):\"link\"===t.message&&(r=new URL(s.getAttribute(\"src\")),n=new URL(t.value),c.test(n.protocol))&&n.host===r.host&&l.activeElement===s&&(d.top.location.href=t.value))}},d.addEventListener(\"message\",d.wp.receiveEmbedMessage,!1),l.addEventListener(\"DOMContentLoaded\",function(){for(var e,t,s=l.querySelectorAll(\"iframe.wp-embedded-content\"),r=0;r<s.length;r++)(t=(e=s[r]).getAttribute(\"data-secret\"))||(t=Math.random().toString(36).substring(2,12),e.src+=\"#?secret=\"+t,e.setAttribute(\"data-secret\",t)),e.contentWindow.postMessage({message:\"ready\",secret:t},\"*\")},!1)))}(window,document);\n\/* ]]> *\/\n<\/script>\n","thumbnail_url":"https:\/\/tvsensor.com\/wp-content\/uploads\/2021\/03\/thumbs_b_c_72717fb644c086b034b4b7fffd062746.jpg","thumbnail_width":863,"thumbnail_height":485,"description":"Vi\u0161e od stotinu gra\u0111ana Podgorice protestovalo je danas na Trgu nezavisnosti zbog mjera protiv koronavirusa, javlja Anadolu Agency (AA). Protest u Podgorici je jedan od mnogih koji su danas organizovani \u0161irom Evrope protiv mjera nametnutih pandemijom koronavirusa. Okupljeni gra\u0111ani danas nisu nosili za\u0161titne maske, uz poruku da aktuelne epidemiolo\u0161ke mjere ne daju rezultate. S druge [&hellip;]"}

U Podgorici održan protest zbog mjera protiv koronavirusa

<blockquote class="wp-embedded-content" data-secret="UfjukOwmrO"><a href="https://tvsensor.com/clanak/u-podgorici-odrzan-protest-zbog-mjera-protiv-koronavirusa/">U Podgorici održan protest zbog mjera protiv koronavirusa</a></blockquote><iframe sandbox="allow-scripts" security="restricted" src="https://tvsensor.com/clanak/u-podgorici-odrzan-protest-zbog-mjera-protiv-koronavirusa/embed/#?secret=UfjukOwmrO" width="600" height="338" title="&#8220;U Podgorici održan protest zbog mjera protiv koronavirusa&#8221; &#8212; TVSensor" data-secret="UfjukOwmrO" frameborder="0" marginwidth="0" marginheight="0" scrolling="no" class="wp-embedded-content"></iframe><script type="text/javascript">
/* <![CDATA[ */
/*! This file is auto-generated */
!function(d,l){"use strict";l.querySelector&&d.addEventListener&&"undefined"!=typeof URL&&(d.wp=d.wp||{},d.wp.receiveEmbedMessage||(d.wp.receiveEmbedMessage=function(e){var t=e.data;if((t||t.secret||t.message||t.value)&&!/[^a-zA-Z0-9]/.test(t.secret)){for(var s,r,n,a=l.querySelectorAll('iframe[data-secret="'+t.secret+'"]'),o=l.querySelectorAll('blockquote[data-secret="'+t.secret+'"]'),c=new RegExp("^https?:$","i"),i=0;i<o.length;i++)o[i].style.display="none";for(i=0;i<a.length;i++)s=a[i],e.source===s.contentWindow&&(s.removeAttribute("style"),"height"===t.message?(1e3<(r=parseInt(t.value,10))?r=1e3:~~r<200&&(r=200),s.height=r):"link"===t.message&&(r=new URL(s.getAttribute("src")),n=new URL(t.value),c.test(n.protocol))&&n.host===r.host&&l.activeElement===s&&(d.top.location.href=t.value))}},d.addEventListener("message",d.wp.receiveEmbedMessage,!1),l.addEventListener("DOMContentLoaded",function(){for(var e,t,s=l.querySelectorAll("iframe.wp-embedded-content"),r=0;r<s.length;r++)(t=(e=s[r]).getAttribute("data-secret"))||(t=Math.random().toString(36).substring(2,12),e.src+="#?secret="+t,e.setAttribute("data-secret",t)),e.contentWindow.postMessage({message:"ready",secret:t},"*")},!1)))}(window,document);
/* ]]> */
</script>

Više od stotinu građana Podgorice protestovalo je danas na Trgu nezavisnosti zbog mjera protiv koronavirusa, javlja Anadolu Agency (AA). Protest u Podgorici je jedan od mnogih koji su danas organizovani širom Evrope protiv mjera nametnutih pandemijom koronavirusa. Okupljeni građani danas nisu nosili zaštitne maske, uz poruku da aktuelne epidemiološke mjere ne daju rezultate. S druge [&hellip;]
