{"version":"1.0","provider_name":"TVSensor","provider_url":"https:\/\/tvsensor.com","title":"Svoj politi\u010dki polo\u017eaj u Norve\u0161koj koristi za promociju BiH","type":"rich","width":600,"height":338,"html":"<blockquote class=\"wp-embedded-content\" data-secret=\"NSmuEwJJWH\"><a href=\"https:\/\/tvsensor.com\/clanak\/svoj-politicki-polozaj-u-norveskoj-koristi-za-promociju-bih\/\">Svoj politi\u010dki polo\u017eaj u Norve\u0161koj koristi za promociju BiH<\/a><\/blockquote><iframe sandbox=\"allow-scripts\" security=\"restricted\" src=\"https:\/\/tvsensor.com\/clanak\/svoj-politicki-polozaj-u-norveskoj-koristi-za-promociju-bih\/embed\/#?secret=NSmuEwJJWH\" width=\"600\" height=\"338\" title=\"&#8220;Svoj politi\u010dki polo\u017eaj u Norve\u0161koj koristi za promociju BiH&#8221; &#8212; TVSensor\" data-secret=\"NSmuEwJJWH\" frameborder=\"0\" marginwidth=\"0\" marginheight=\"0\" scrolling=\"no\" class=\"wp-embedded-content\"><\/iframe><script type=\"text\/javascript\">\n\/* <![CDATA[ *\/\n\/*! This file is auto-generated *\/\n!function(d,l){\"use strict\";l.querySelector&&d.addEventListener&&\"undefined\"!=typeof URL&&(d.wp=d.wp||{},d.wp.receiveEmbedMessage||(d.wp.receiveEmbedMessage=function(e){var t=e.data;if((t||t.secret||t.message||t.value)&&!\/[^a-zA-Z0-9]\/.test(t.secret)){for(var s,r,n,a=l.querySelectorAll('iframe[data-secret=\"'+t.secret+'\"]'),o=l.querySelectorAll('blockquote[data-secret=\"'+t.secret+'\"]'),c=new RegExp(\"^https?:$\",\"i\"),i=0;i<o.length;i++)o[i].style.display=\"none\";for(i=0;i<a.length;i++)s=a[i],e.source===s.contentWindow&&(s.removeAttribute(\"style\"),\"height\"===t.message?(1e3<(r=parseInt(t.value,10))?r=1e3:~~r<200&&(r=200),s.height=r):\"link\"===t.message&&(r=new URL(s.getAttribute(\"src\")),n=new URL(t.value),c.test(n.protocol))&&n.host===r.host&&l.activeElement===s&&(d.top.location.href=t.value))}},d.addEventListener(\"message\",d.wp.receiveEmbedMessage,!1),l.addEventListener(\"DOMContentLoaded\",function(){for(var e,t,s=l.querySelectorAll(\"iframe.wp-embedded-content\"),r=0;r<s.length;r++)(t=(e=s[r]).getAttribute(\"data-secret\"))||(t=Math.random().toString(36).substring(2,12),e.src+=\"#?secret=\"+t,e.setAttribute(\"data-secret\",t)),e.contentWindow.postMessage({message:\"ready\",secret:t},\"*\")},!1)))}(window,document);\n\/* ]]> *\/\n<\/script>\n","thumbnail_url":"https:\/\/tvsensor.com\/wp-content\/uploads\/2019\/09\/58961547_10216412685124720_1679061981983670272_n.jpg","thumbnail_width":654,"thumbnail_height":491,"description":"Ahmed Lindov, na posljednjim op\u0107inskim izborima, dobio je mandat kao vije\u0107nik op\u0107ine Kvinesdal. Ovo \u0107e biti drugi mandat Lindova u op\u0107inskom vije\u0107u. Ro\u0111en je 1993. godine, a porijeklom je iz na\u0161e Bosne i Hercegovine. O odnosima Norve\u0161ke sa BiH, Srebrenici i klju\u010dnim razlikama mladih u ove dvije zemlje Ahmed Lindov razgovarao je za Intelektualno Ponovo [&hellip;]"}

Svoj politički položaj u Norveškoj koristi za promociju BiH

<blockquote class="wp-embedded-content" data-secret="NSmuEwJJWH"><a href="https://tvsensor.com/clanak/svoj-politicki-polozaj-u-norveskoj-koristi-za-promociju-bih/">Svoj politički položaj u Norveškoj koristi za promociju BiH</a></blockquote><iframe sandbox="allow-scripts" security="restricted" src="https://tvsensor.com/clanak/svoj-politicki-polozaj-u-norveskoj-koristi-za-promociju-bih/embed/#?secret=NSmuEwJJWH" width="600" height="338" title="&#8220;Svoj politički položaj u Norveškoj koristi za promociju BiH&#8221; &#8212; TVSensor" data-secret="NSmuEwJJWH" frameborder="0" marginwidth="0" marginheight="0" scrolling="no" class="wp-embedded-content"></iframe><script type="text/javascript">
/* <![CDATA[ */
/*! This file is auto-generated */
!function(d,l){"use strict";l.querySelector&&d.addEventListener&&"undefined"!=typeof URL&&(d.wp=d.wp||{},d.wp.receiveEmbedMessage||(d.wp.receiveEmbedMessage=function(e){var t=e.data;if((t||t.secret||t.message||t.value)&&!/[^a-zA-Z0-9]/.test(t.secret)){for(var s,r,n,a=l.querySelectorAll('iframe[data-secret="'+t.secret+'"]'),o=l.querySelectorAll('blockquote[data-secret="'+t.secret+'"]'),c=new RegExp("^https?:$","i"),i=0;i<o.length;i++)o[i].style.display="none";for(i=0;i<a.length;i++)s=a[i],e.source===s.contentWindow&&(s.removeAttribute("style"),"height"===t.message?(1e3<(r=parseInt(t.value,10))?r=1e3:~~r<200&&(r=200),s.height=r):"link"===t.message&&(r=new URL(s.getAttribute("src")),n=new URL(t.value),c.test(n.protocol))&&n.host===r.host&&l.activeElement===s&&(d.top.location.href=t.value))}},d.addEventListener("message",d.wp.receiveEmbedMessage,!1),l.addEventListener("DOMContentLoaded",function(){for(var e,t,s=l.querySelectorAll("iframe.wp-embedded-content"),r=0;r<s.length;r++)(t=(e=s[r]).getAttribute("data-secret"))||(t=Math.random().toString(36).substring(2,12),e.src+="#?secret="+t,e.setAttribute("data-secret",t)),e.contentWindow.postMessage({message:"ready",secret:t},"*")},!1)))}(window,document);
/* ]]> */
</script>

Ahmed Lindov, na posljednjim općinskim izborima, dobio je mandat kao vijećnik općine Kvinesdal. Ovo će biti drugi mandat Lindova u općinskom vijeću. Rođen je 1993. godine, a porijeklom je iz naše Bosne i Hercegovine. O odnosima Norveške sa BiH, Srebrenici i ključnim razlikama mladih u ove dvije zemlje Ahmed Lindov razgovarao je za Intelektualno Ponovo [&hellip;]
