{"version":"1.0","provider_name":"TVSensor","provider_url":"https:\/\/tvsensor.com","title":"Prosine\u010dki u problemima: Va\u017ean igra\u010d Zmajeva propu\u0161ta bara\u017e","type":"rich","width":600,"height":338,"html":"<blockquote class=\"wp-embedded-content\" data-secret=\"Gr1OUVudRJ\"><a href=\"https:\/\/tvsensor.com\/clanak\/prosinecki-u-problemima-vazan-igrac-zmajeva-propusta-baraz\/\">Prosine\u010dki u problemima: Va\u017ean igra\u010d Zmajeva propu\u0161ta bara\u017e<\/a><\/blockquote><iframe sandbox=\"allow-scripts\" security=\"restricted\" src=\"https:\/\/tvsensor.com\/clanak\/prosinecki-u-problemima-vazan-igrac-zmajeva-propusta-baraz\/embed\/#?secret=Gr1OUVudRJ\" width=\"600\" height=\"338\" title=\"&#8220;Prosine\u010dki u problemima: Va\u017ean igra\u010d Zmajeva propu\u0161ta bara\u017e&#8221; &#8212; TVSensor\" data-secret=\"Gr1OUVudRJ\" frameborder=\"0\" marginwidth=\"0\" marginheight=\"0\" scrolling=\"no\" class=\"wp-embedded-content\"><\/iframe><script type=\"text\/javascript\">\n\/* <![CDATA[ *\/\n\/*! This file is auto-generated *\/\n!function(d,l){\"use strict\";l.querySelector&&d.addEventListener&&\"undefined\"!=typeof URL&&(d.wp=d.wp||{},d.wp.receiveEmbedMessage||(d.wp.receiveEmbedMessage=function(e){var t=e.data;if((t||t.secret||t.message||t.value)&&!\/[^a-zA-Z0-9]\/.test(t.secret)){for(var s,r,n,a=l.querySelectorAll('iframe[data-secret=\"'+t.secret+'\"]'),o=l.querySelectorAll('blockquote[data-secret=\"'+t.secret+'\"]'),c=new RegExp(\"^https?:$\",\"i\"),i=0;i<o.length;i++)o[i].style.display=\"none\";for(i=0;i<a.length;i++)s=a[i],e.source===s.contentWindow&&(s.removeAttribute(\"style\"),\"height\"===t.message?(1e3<(r=parseInt(t.value,10))?r=1e3:~~r<200&&(r=200),s.height=r):\"link\"===t.message&&(r=new URL(s.getAttribute(\"src\")),n=new URL(t.value),c.test(n.protocol))&&n.host===r.host&&l.activeElement===s&&(d.top.location.href=t.value))}},d.addEventListener(\"message\",d.wp.receiveEmbedMessage,!1),l.addEventListener(\"DOMContentLoaded\",function(){for(var e,t,s=l.querySelectorAll(\"iframe.wp-embedded-content\"),r=0;r<s.length;r++)(t=(e=s[r]).getAttribute(\"data-secret\"))||(t=Math.random().toString(36).substring(2,12),e.src+=\"#?secret=\"+t,e.setAttribute(\"data-secret\",t)),e.contentWindow.postMessage({message:\"ready\",secret:t},\"*\")},!1)))}(window,document);\n\/* ]]> *\/\n<\/script>\n","thumbnail_url":"https:\/\/tvsensor.com\/wp-content\/uploads\/2019\/11\/bih_lihtenstajn_zenica_pixsell_2.jpg","thumbnail_width":1180,"thumbnail_height":787,"description":"Zoran Kvr\u017ei\u0107\u00a0nije bio u konkurenciji za me\u010d protiv Lihten\u0161tajna zbog povrede, a prema pisanju Sportskih novosti mogao bi propustiti ostatak sezone. Sumnja se da su desnom beku bh. reprezentacije stradali ligamenti koljena, \u0161to bi zna\u010dilo da se ne\u0107e vra\u0107ati na teren do kraja sezone. To je svakako lo\u0161a vijest i za na\u0161u selekciju, koju u [&hellip;]"}

Prosinečki u problemima: Važan igrač Zmajeva propušta baraž

<blockquote class="wp-embedded-content" data-secret="Gr1OUVudRJ"><a href="https://tvsensor.com/clanak/prosinecki-u-problemima-vazan-igrac-zmajeva-propusta-baraz/">Prosinečki u problemima: Važan igrač Zmajeva propušta baraž</a></blockquote><iframe sandbox="allow-scripts" security="restricted" src="https://tvsensor.com/clanak/prosinecki-u-problemima-vazan-igrac-zmajeva-propusta-baraz/embed/#?secret=Gr1OUVudRJ" width="600" height="338" title="&#8220;Prosinečki u problemima: Važan igrač Zmajeva propušta baraž&#8221; &#8212; TVSensor" data-secret="Gr1OUVudRJ" frameborder="0" marginwidth="0" marginheight="0" scrolling="no" class="wp-embedded-content"></iframe><script type="text/javascript">
/* <![CDATA[ */
/*! This file is auto-generated */
!function(d,l){"use strict";l.querySelector&&d.addEventListener&&"undefined"!=typeof URL&&(d.wp=d.wp||{},d.wp.receiveEmbedMessage||(d.wp.receiveEmbedMessage=function(e){var t=e.data;if((t||t.secret||t.message||t.value)&&!/[^a-zA-Z0-9]/.test(t.secret)){for(var s,r,n,a=l.querySelectorAll('iframe[data-secret="'+t.secret+'"]'),o=l.querySelectorAll('blockquote[data-secret="'+t.secret+'"]'),c=new RegExp("^https?:$","i"),i=0;i<o.length;i++)o[i].style.display="none";for(i=0;i<a.length;i++)s=a[i],e.source===s.contentWindow&&(s.removeAttribute("style"),"height"===t.message?(1e3<(r=parseInt(t.value,10))?r=1e3:~~r<200&&(r=200),s.height=r):"link"===t.message&&(r=new URL(s.getAttribute("src")),n=new URL(t.value),c.test(n.protocol))&&n.host===r.host&&l.activeElement===s&&(d.top.location.href=t.value))}},d.addEventListener("message",d.wp.receiveEmbedMessage,!1),l.addEventListener("DOMContentLoaded",function(){for(var e,t,s=l.querySelectorAll("iframe.wp-embedded-content"),r=0;r<s.length;r++)(t=(e=s[r]).getAttribute("data-secret"))||(t=Math.random().toString(36).substring(2,12),e.src+="#?secret="+t,e.setAttribute("data-secret",t)),e.contentWindow.postMessage({message:"ready",secret:t},"*")},!1)))}(window,document);
/* ]]> */
</script>

Zoran Kvržić nije bio u konkurenciji za meč protiv Lihtenštajna zbog povrede, a prema pisanju Sportskih novosti mogao bi propustiti ostatak sezone. Sumnja se da su desnom beku bh. reprezentacije stradali ligamenti koljena, što bi značilo da se neće vraćati na teren do kraja sezone. To je svakako loša vijest i za našu selekciju, koju u [&hellip;]
