{"version":"1.0","provider_name":"TVSensor","provider_url":"https:\/\/tvsensor.com","title":"Preminuo izvr\u0161ni direktor za finansije Autocesta FBiH Ivica \u0106uri\u0107","type":"rich","width":600,"height":338,"html":"<blockquote class=\"wp-embedded-content\" data-secret=\"fhwDIjXE9F\"><a href=\"https:\/\/tvsensor.com\/clanak\/preminuo-izvrsni-direktor-za-finansije-autocesta-fbih-ivica-curic\/\">Preminuo izvr\u0161ni direktor za finansije Autocesta FBiH Ivica \u0106uri\u0107<\/a><\/blockquote><iframe sandbox=\"allow-scripts\" security=\"restricted\" src=\"https:\/\/tvsensor.com\/clanak\/preminuo-izvrsni-direktor-za-finansije-autocesta-fbih-ivica-curic\/embed\/#?secret=fhwDIjXE9F\" width=\"600\" height=\"338\" title=\"&#8220;Preminuo izvr\u0161ni direktor za finansije Autocesta FBiH Ivica \u0106uri\u0107&#8221; &#8212; TVSensor\" data-secret=\"fhwDIjXE9F\" frameborder=\"0\" marginwidth=\"0\" marginheight=\"0\" scrolling=\"no\" class=\"wp-embedded-content\"><\/iframe><script type=\"text\/javascript\">\n\/* <![CDATA[ *\/\n\/*! This file is auto-generated *\/\n!function(d,l){\"use strict\";l.querySelector&&d.addEventListener&&\"undefined\"!=typeof URL&&(d.wp=d.wp||{},d.wp.receiveEmbedMessage||(d.wp.receiveEmbedMessage=function(e){var t=e.data;if((t||t.secret||t.message||t.value)&&!\/[^a-zA-Z0-9]\/.test(t.secret)){for(var s,r,n,a=l.querySelectorAll('iframe[data-secret=\"'+t.secret+'\"]'),o=l.querySelectorAll('blockquote[data-secret=\"'+t.secret+'\"]'),c=new RegExp(\"^https?:$\",\"i\"),i=0;i<o.length;i++)o[i].style.display=\"none\";for(i=0;i<a.length;i++)s=a[i],e.source===s.contentWindow&&(s.removeAttribute(\"style\"),\"height\"===t.message?(1e3<(r=parseInt(t.value,10))?r=1e3:~~r<200&&(r=200),s.height=r):\"link\"===t.message&&(r=new URL(s.getAttribute(\"src\")),n=new URL(t.value),c.test(n.protocol))&&n.host===r.host&&l.activeElement===s&&(d.top.location.href=t.value))}},d.addEventListener(\"message\",d.wp.receiveEmbedMessage,!1),l.addEventListener(\"DOMContentLoaded\",function(){for(var e,t,s=l.querySelectorAll(\"iframe.wp-embedded-content\"),r=0;r<s.length;r++)(t=(e=s[r]).getAttribute(\"data-secret\"))||(t=Math.random().toString(36).substring(2,12),e.src+=\"#?secret=\"+t,e.setAttribute(\"data-secret\",t)),e.contentWindow.postMessage({message:\"ready\",secret:t},\"*\")},!1)))}(window,document);\n\/* ]]> *\/\n<\/script>\n","thumbnail_url":"https:\/\/tvsensor.com\/wp-content\/uploads\/2021\/01\/08a05dc7870b7cb6575ed2925c2c55de.jpg","thumbnail_width":800,"thumbnail_height":480,"description":"Izvr\u0161ni direktor za finansije Javnog preduze\u0107a Autoceste Federacije Bosne i Hercegovine, \u017dep\u010dak Ivica \u0106uri\u0107 (ro\u0111en 1962. godine), preminuo je danas u Kantonalnoj bolnici u Zenici &#8211; potvrdio je Feni predsjednik Kantonalnog odbora HDZ-a Zeni\u010dko-dobojskog kantona Ivo Tadi\u0107. &#8211; Prije oko dva sata preminuo je moj prijatelj Ivica \u0106uri\u0107. Zadnjih desetak dana bio je hospitalizovan u [&hellip;]"}

Preminuo izvršni direktor za finansije Autocesta FBiH Ivica Ćurić

<blockquote class="wp-embedded-content" data-secret="fhwDIjXE9F"><a href="https://tvsensor.com/clanak/preminuo-izvrsni-direktor-za-finansije-autocesta-fbih-ivica-curic/">Preminuo izvršni direktor za finansije Autocesta FBiH Ivica Ćurić</a></blockquote><iframe sandbox="allow-scripts" security="restricted" src="https://tvsensor.com/clanak/preminuo-izvrsni-direktor-za-finansije-autocesta-fbih-ivica-curic/embed/#?secret=fhwDIjXE9F" width="600" height="338" title="&#8220;Preminuo izvršni direktor za finansije Autocesta FBiH Ivica Ćurić&#8221; &#8212; TVSensor" data-secret="fhwDIjXE9F" frameborder="0" marginwidth="0" marginheight="0" scrolling="no" class="wp-embedded-content"></iframe><script type="text/javascript">
/* <![CDATA[ */
/*! This file is auto-generated */
!function(d,l){"use strict";l.querySelector&&d.addEventListener&&"undefined"!=typeof URL&&(d.wp=d.wp||{},d.wp.receiveEmbedMessage||(d.wp.receiveEmbedMessage=function(e){var t=e.data;if((t||t.secret||t.message||t.value)&&!/[^a-zA-Z0-9]/.test(t.secret)){for(var s,r,n,a=l.querySelectorAll('iframe[data-secret="'+t.secret+'"]'),o=l.querySelectorAll('blockquote[data-secret="'+t.secret+'"]'),c=new RegExp("^https?:$","i"),i=0;i<o.length;i++)o[i].style.display="none";for(i=0;i<a.length;i++)s=a[i],e.source===s.contentWindow&&(s.removeAttribute("style"),"height"===t.message?(1e3<(r=parseInt(t.value,10))?r=1e3:~~r<200&&(r=200),s.height=r):"link"===t.message&&(r=new URL(s.getAttribute("src")),n=new URL(t.value),c.test(n.protocol))&&n.host===r.host&&l.activeElement===s&&(d.top.location.href=t.value))}},d.addEventListener("message",d.wp.receiveEmbedMessage,!1),l.addEventListener("DOMContentLoaded",function(){for(var e,t,s=l.querySelectorAll("iframe.wp-embedded-content"),r=0;r<s.length;r++)(t=(e=s[r]).getAttribute("data-secret"))||(t=Math.random().toString(36).substring(2,12),e.src+="#?secret="+t,e.setAttribute("data-secret",t)),e.contentWindow.postMessage({message:"ready",secret:t},"*")},!1)))}(window,document);
/* ]]> */
</script>

Izvršni direktor za finansije Javnog preduzeća Autoceste Federacije Bosne i Hercegovine, Žepčak Ivica Ćurić (rođen 1962. godine), preminuo je danas u Kantonalnoj bolnici u Zenici &#8211; potvrdio je Feni predsjednik Kantonalnog odbora HDZ-a Zeničko-dobojskog kantona Ivo Tadić. &#8211; Prije oko dva sata preminuo je moj prijatelj Ivica Ćurić. Zadnjih desetak dana bio je hospitalizovan u [&hellip;]
