{"version":"1.0","provider_name":"TVSensor","provider_url":"https:\/\/tvsensor.com","title":"Lo\u0161e tr\u017ei\u0161te smanjuje uzgoj autohtone vla\u0161i\u0107ke pramenke","type":"rich","width":600,"height":338,"html":"<blockquote class=\"wp-embedded-content\" data-secret=\"tAF5lzCf2F\"><a href=\"https:\/\/tvsensor.com\/clanak\/lose-trziste-smanjuje-uzgoj-autohtone-vlasicke-pramenke\/\">Lo\u0161e tr\u017ei\u0161te smanjuje uzgoj autohtone vla\u0161i\u0107ke pramenke<\/a><\/blockquote><iframe sandbox=\"allow-scripts\" security=\"restricted\" src=\"https:\/\/tvsensor.com\/clanak\/lose-trziste-smanjuje-uzgoj-autohtone-vlasicke-pramenke\/embed\/#?secret=tAF5lzCf2F\" width=\"600\" height=\"338\" title=\"&#8220;Lo\u0161e tr\u017ei\u0161te smanjuje uzgoj autohtone vla\u0161i\u0107ke pramenke&#8221; &#8212; TVSensor\" data-secret=\"tAF5lzCf2F\" frameborder=\"0\" marginwidth=\"0\" marginheight=\"0\" scrolling=\"no\" class=\"wp-embedded-content\"><\/iframe><script type=\"text\/javascript\">\n\/* <![CDATA[ *\/\n\/*! This file is auto-generated *\/\n!function(d,l){\"use strict\";l.querySelector&&d.addEventListener&&\"undefined\"!=typeof URL&&(d.wp=d.wp||{},d.wp.receiveEmbedMessage||(d.wp.receiveEmbedMessage=function(e){var t=e.data;if((t||t.secret||t.message||t.value)&&!\/[^a-zA-Z0-9]\/.test(t.secret)){for(var s,r,n,a=l.querySelectorAll('iframe[data-secret=\"'+t.secret+'\"]'),o=l.querySelectorAll('blockquote[data-secret=\"'+t.secret+'\"]'),c=new RegExp(\"^https?:$\",\"i\"),i=0;i<o.length;i++)o[i].style.display=\"none\";for(i=0;i<a.length;i++)s=a[i],e.source===s.contentWindow&&(s.removeAttribute(\"style\"),\"height\"===t.message?(1e3<(r=parseInt(t.value,10))?r=1e3:~~r<200&&(r=200),s.height=r):\"link\"===t.message&&(r=new URL(s.getAttribute(\"src\")),n=new URL(t.value),c.test(n.protocol))&&n.host===r.host&&l.activeElement===s&&(d.top.location.href=t.value))}},d.addEventListener(\"message\",d.wp.receiveEmbedMessage,!1),l.addEventListener(\"DOMContentLoaded\",function(){for(var e,t,s=l.querySelectorAll(\"iframe.wp-embedded-content\"),r=0;r<s.length;r++)(t=(e=s[r]).getAttribute(\"data-secret\"))||(t=Math.random().toString(36).substring(2,12),e.src+=\"#?secret=\"+t,e.setAttribute(\"data-secret\",t)),e.contentWindow.postMessage({message:\"ready\",secret:t},\"*\")},!1)))}(window,document);\n\/* ]]> *\/\n<\/script>\n","thumbnail_url":"https:\/\/tvsensor.com\/wp-content\/uploads\/2019\/11\/thumbs_b_c_cc364cd8cb53988449929b562309a379.jpg","thumbnail_width":864,"thumbnail_height":486,"description":"Zbog lo\u0161eg stanja na tr\u017ei\u0161tu, sve je manje ljudi koji se bave uzgojem vla\u0161i\u0107ke pramenke, soja autohtone vrste ovaca, ka\u017ee \u017deljko Mari\u0107 iz Imljana kod Kne\u017eeva, koji je i predsjednik Udr\u017eenja ov\u010dara u ovoj op\u0161tini. Sa stricem Brankom Mari\u0107em, \u017deljko je u ponedjeljak potjerao stado iz Imljana, a u \u010detvrtak nave\u010de su stigli do op\u0161tine [&hellip;]"}

Loše tržište smanjuje uzgoj autohtone vlašićke pramenke

<blockquote class="wp-embedded-content" data-secret="tAF5lzCf2F"><a href="https://tvsensor.com/clanak/lose-trziste-smanjuje-uzgoj-autohtone-vlasicke-pramenke/">Loše tržište smanjuje uzgoj autohtone vlašićke pramenke</a></blockquote><iframe sandbox="allow-scripts" security="restricted" src="https://tvsensor.com/clanak/lose-trziste-smanjuje-uzgoj-autohtone-vlasicke-pramenke/embed/#?secret=tAF5lzCf2F" width="600" height="338" title="&#8220;Loše tržište smanjuje uzgoj autohtone vlašićke pramenke&#8221; &#8212; TVSensor" data-secret="tAF5lzCf2F" frameborder="0" marginwidth="0" marginheight="0" scrolling="no" class="wp-embedded-content"></iframe><script type="text/javascript">
/* <![CDATA[ */
/*! This file is auto-generated */
!function(d,l){"use strict";l.querySelector&&d.addEventListener&&"undefined"!=typeof URL&&(d.wp=d.wp||{},d.wp.receiveEmbedMessage||(d.wp.receiveEmbedMessage=function(e){var t=e.data;if((t||t.secret||t.message||t.value)&&!/[^a-zA-Z0-9]/.test(t.secret)){for(var s,r,n,a=l.querySelectorAll('iframe[data-secret="'+t.secret+'"]'),o=l.querySelectorAll('blockquote[data-secret="'+t.secret+'"]'),c=new RegExp("^https?:$","i"),i=0;i<o.length;i++)o[i].style.display="none";for(i=0;i<a.length;i++)s=a[i],e.source===s.contentWindow&&(s.removeAttribute("style"),"height"===t.message?(1e3<(r=parseInt(t.value,10))?r=1e3:~~r<200&&(r=200),s.height=r):"link"===t.message&&(r=new URL(s.getAttribute("src")),n=new URL(t.value),c.test(n.protocol))&&n.host===r.host&&l.activeElement===s&&(d.top.location.href=t.value))}},d.addEventListener("message",d.wp.receiveEmbedMessage,!1),l.addEventListener("DOMContentLoaded",function(){for(var e,t,s=l.querySelectorAll("iframe.wp-embedded-content"),r=0;r<s.length;r++)(t=(e=s[r]).getAttribute("data-secret"))||(t=Math.random().toString(36).substring(2,12),e.src+="#?secret="+t,e.setAttribute("data-secret",t)),e.contentWindow.postMessage({message:"ready",secret:t},"*")},!1)))}(window,document);
/* ]]> */
</script>

Zbog lošeg stanja na tržištu, sve je manje ljudi koji se bave uzgojem vlašićke pramenke, soja autohtone vrste ovaca, kaže Željko Marić iz Imljana kod Kneževa, koji je i predsjednik Udrženja ovčara u ovoj opštini. Sa stricem Brankom Marićem, Željko je u ponedjeljak potjerao stado iz Imljana, a u četvrtak naveče su stigli do opštine [&hellip;]
