{"version":"1.0","provider_name":"TVSensor","provider_url":"https:\/\/tvsensor.com","title":"Albin Kurti novi premijer Kosova","type":"rich","width":600,"height":338,"html":"<blockquote class=\"wp-embedded-content\" data-secret=\"mLTcgRGiTu\"><a href=\"https:\/\/tvsensor.com\/clanak\/albin-kurti-novi-premijer-kosova\/\">Albin Kurti novi premijer Kosova<\/a><\/blockquote><iframe sandbox=\"allow-scripts\" security=\"restricted\" src=\"https:\/\/tvsensor.com\/clanak\/albin-kurti-novi-premijer-kosova\/embed\/#?secret=mLTcgRGiTu\" width=\"600\" height=\"338\" title=\"&#8220;Albin Kurti novi premijer Kosova&#8221; &#8212; TVSensor\" data-secret=\"mLTcgRGiTu\" frameborder=\"0\" marginwidth=\"0\" marginheight=\"0\" scrolling=\"no\" class=\"wp-embedded-content\"><\/iframe><script type=\"text\/javascript\">\n\/* <![CDATA[ *\/\n\/*! This file is auto-generated *\/\n!function(d,l){\"use strict\";l.querySelector&&d.addEventListener&&\"undefined\"!=typeof URL&&(d.wp=d.wp||{},d.wp.receiveEmbedMessage||(d.wp.receiveEmbedMessage=function(e){var t=e.data;if((t||t.secret||t.message||t.value)&&!\/[^a-zA-Z0-9]\/.test(t.secret)){for(var s,r,n,a=l.querySelectorAll('iframe[data-secret=\"'+t.secret+'\"]'),o=l.querySelectorAll('blockquote[data-secret=\"'+t.secret+'\"]'),c=new RegExp(\"^https?:$\",\"i\"),i=0;i<o.length;i++)o[i].style.display=\"none\";for(i=0;i<a.length;i++)s=a[i],e.source===s.contentWindow&&(s.removeAttribute(\"style\"),\"height\"===t.message?(1e3<(r=parseInt(t.value,10))?r=1e3:~~r<200&&(r=200),s.height=r):\"link\"===t.message&&(r=new URL(s.getAttribute(\"src\")),n=new URL(t.value),c.test(n.protocol))&&n.host===r.host&&l.activeElement===s&&(d.top.location.href=t.value))}},d.addEventListener(\"message\",d.wp.receiveEmbedMessage,!1),l.addEventListener(\"DOMContentLoaded\",function(){for(var e,t,s=l.querySelectorAll(\"iframe.wp-embedded-content\"),r=0;r<s.length;r++)(t=(e=s[r]).getAttribute(\"data-secret\"))||(t=Math.random().toString(36).substring(2,12),e.src+=\"#?secret=\"+t,e.setAttribute(\"data-secret\",t)),e.contentWindow.postMessage({message:\"ready\",secret:t},\"*\")},!1)))}(window,document);\n\/* ]]> *\/\n<\/script>\n","thumbnail_url":"https:\/\/tvsensor.com\/wp-content\/uploads\/2021\/03\/thumbs_b_c_e6f5ff66205f5625a1b648f9cae82471.jpg","thumbnail_width":863,"thumbnail_height":486,"description":"Za novu Vladu Kosova glasalo je 67 poslanika, 30 ih je bilo protiv, a nije bilo suzdr\u017eanih Pri\u0161tina Na vanrednoj sednici Skup\u0161tine Kosova danas je izabrana nova Vlada Kosova na \u010delu sa premijerom Albinom Kurtijem, liderom Pokreta \u201cSamoopredeljenje\u201d, javlja Anadolu Agency (AA). Za novu Vladu glasalo je 67 poslanika, 30 ih je bilo protiv, a [&hellip;]"}

Za novu Vladu Kosova glasalo je 67 poslanika, 30 ih je bilo protiv, a nije bilo suzdržanih Priština Na vanrednoj sednici Skupštine Kosova danas je izabrana nova Vlada Kosova na čelu sa premijerom Albinom Kurtijem, liderom Pokreta “Samoopredeljenje”, javlja Anadolu Agency (AA). Za novu Vladu glasalo je 67 poslanika, 30 ih je bilo protiv, a [&hellip;]
