{"version":"1.0","provider_name":"TVSensor","provider_url":"https:\/\/tvsensor.com","title":"Akademik Kurtc\u0301ehajic\u0301: Ima\u0107emo modernu BiH kad se ukinu entiteti","type":"rich","width":600,"height":338,"html":"<blockquote class=\"wp-embedded-content\" data-secret=\"w1VwOWWi4a\"><a href=\"https:\/\/tvsensor.com\/clanak\/akademik-kurtcehajic-imacemo-modernu-bih-kad-se-ukinu-entiteti\/\">Akademik Kurtc\u0301ehajic\u0301: Ima\u0107emo modernu BiH kad se ukinu entiteti<\/a><\/blockquote><iframe sandbox=\"allow-scripts\" security=\"restricted\" src=\"https:\/\/tvsensor.com\/clanak\/akademik-kurtcehajic-imacemo-modernu-bih-kad-se-ukinu-entiteti\/embed\/#?secret=w1VwOWWi4a\" width=\"600\" height=\"338\" title=\"&#8220;Akademik Kurtc\u0301ehajic\u0301: Ima\u0107emo modernu BiH kad se ukinu entiteti&#8221; &#8212; TVSensor\" data-secret=\"w1VwOWWi4a\" frameborder=\"0\" marginwidth=\"0\" marginheight=\"0\" scrolling=\"no\" class=\"wp-embedded-content\"><\/iframe><script type=\"text\/javascript\">\n\/* <![CDATA[ *\/\n\/*! This file is auto-generated *\/\n!function(d,l){\"use strict\";l.querySelector&&d.addEventListener&&\"undefined\"!=typeof URL&&(d.wp=d.wp||{},d.wp.receiveEmbedMessage||(d.wp.receiveEmbedMessage=function(e){var t=e.data;if((t||t.secret||t.message||t.value)&&!\/[^a-zA-Z0-9]\/.test(t.secret)){for(var s,r,n,a=l.querySelectorAll('iframe[data-secret=\"'+t.secret+'\"]'),o=l.querySelectorAll('blockquote[data-secret=\"'+t.secret+'\"]'),c=new RegExp(\"^https?:$\",\"i\"),i=0;i<o.length;i++)o[i].style.display=\"none\";for(i=0;i<a.length;i++)s=a[i],e.source===s.contentWindow&&(s.removeAttribute(\"style\"),\"height\"===t.message?(1e3<(r=parseInt(t.value,10))?r=1e3:~~r<200&&(r=200),s.height=r):\"link\"===t.message&&(r=new URL(s.getAttribute(\"src\")),n=new URL(t.value),c.test(n.protocol))&&n.host===r.host&&l.activeElement===s&&(d.top.location.href=t.value))}},d.addEventListener(\"message\",d.wp.receiveEmbedMessage,!1),l.addEventListener(\"DOMContentLoaded\",function(){for(var e,t,s=l.querySelectorAll(\"iframe.wp-embedded-content\"),r=0;r<s.length;r++)(t=(e=s[r]).getAttribute(\"data-secret\"))||(t=Math.random().toString(36).substring(2,12),e.src+=\"#?secret=\"+t,e.setAttribute(\"data-secret\",t)),e.contentWindow.postMessage({message:\"ready\",secret:t},\"*\")},!1)))}(window,document);\n\/* ]]> *\/\n<\/script>\n","thumbnail_url":"https:\/\/tvsensor.com\/wp-content\/uploads\/2021\/03\/maxresdefault-2.jpg","thumbnail_width":1280,"thumbnail_height":720,"description":"Akademik prof. dr. Suad Kurt\u0107ehaji\u0107 ekskluzivno za Senzor poja\u0161njava Akademsku inicijativu za promjenu Ustava BiH. Dejtonskim sporazumom je nagra\u0111ena tvorevina koja je izvr\u0161ila genocid. 2007. g. nije ni\u0161ta ura\u0111eno da se ta tvorevina deinstalira i da se obznani cijelom svijetu da se genocid ne isplati. Nije izvr\u0161ena realizacija Aneksa 7 o povratku izbjeglih i raseljenih [&hellip;]"}

Akademik Kurtćehajić: Imaćemo modernu BiH kad se ukinu entiteti

<blockquote class="wp-embedded-content" data-secret="w1VwOWWi4a"><a href="https://tvsensor.com/clanak/akademik-kurtcehajic-imacemo-modernu-bih-kad-se-ukinu-entiteti/">Akademik Kurtćehajić: Imaćemo modernu BiH kad se ukinu entiteti</a></blockquote><iframe sandbox="allow-scripts" security="restricted" src="https://tvsensor.com/clanak/akademik-kurtcehajic-imacemo-modernu-bih-kad-se-ukinu-entiteti/embed/#?secret=w1VwOWWi4a" width="600" height="338" title="&#8220;Akademik Kurtćehajić: Imaćemo modernu BiH kad se ukinu entiteti&#8221; &#8212; TVSensor" data-secret="w1VwOWWi4a" frameborder="0" marginwidth="0" marginheight="0" scrolling="no" class="wp-embedded-content"></iframe><script type="text/javascript">
/* <![CDATA[ */
/*! This file is auto-generated */
!function(d,l){"use strict";l.querySelector&&d.addEventListener&&"undefined"!=typeof URL&&(d.wp=d.wp||{},d.wp.receiveEmbedMessage||(d.wp.receiveEmbedMessage=function(e){var t=e.data;if((t||t.secret||t.message||t.value)&&!/[^a-zA-Z0-9]/.test(t.secret)){for(var s,r,n,a=l.querySelectorAll('iframe[data-secret="'+t.secret+'"]'),o=l.querySelectorAll('blockquote[data-secret="'+t.secret+'"]'),c=new RegExp("^https?:$","i"),i=0;i<o.length;i++)o[i].style.display="none";for(i=0;i<a.length;i++)s=a[i],e.source===s.contentWindow&&(s.removeAttribute("style"),"height"===t.message?(1e3<(r=parseInt(t.value,10))?r=1e3:~~r<200&&(r=200),s.height=r):"link"===t.message&&(r=new URL(s.getAttribute("src")),n=new URL(t.value),c.test(n.protocol))&&n.host===r.host&&l.activeElement===s&&(d.top.location.href=t.value))}},d.addEventListener("message",d.wp.receiveEmbedMessage,!1),l.addEventListener("DOMContentLoaded",function(){for(var e,t,s=l.querySelectorAll("iframe.wp-embedded-content"),r=0;r<s.length;r++)(t=(e=s[r]).getAttribute("data-secret"))||(t=Math.random().toString(36).substring(2,12),e.src+="#?secret="+t,e.setAttribute("data-secret",t)),e.contentWindow.postMessage({message:"ready",secret:t},"*")},!1)))}(window,document);
/* ]]> */
</script>

Akademik prof. dr. Suad Kurtćehajić ekskluzivno za Senzor pojašnjava Akademsku inicijativu za promjenu Ustava BiH. Dejtonskim sporazumom je nagrađena tvorevina koja je izvršila genocid. 2007. g. nije ništa urađeno da se ta tvorevina deinstalira i da se obznani cijelom svijetu da se genocid ne isplati. Nije izvršena realizacija Aneksa 7 o povratku izbjeglih i raseljenih [&hellip;]
