{"version":"1.0","provider_name":"TVSensor","provider_url":"https:\/\/tvsensor.com","title":"El\u010di Ibrahim-pa\u0161a: Miroljubivi namjesnik i travni\u010dki vakif","type":"rich","width":600,"height":338,"html":"<blockquote class=\"wp-embedded-content\" data-secret=\"DAQcHqjoPl\"><a href=\"https:\/\/tvsensor.com\/clanak\/11191-2\/\">El\u010di Ibrahim-pa\u0161a: Miroljubivi namjesnik i travni\u010dki vakif<\/a><\/blockquote><iframe sandbox=\"allow-scripts\" security=\"restricted\" src=\"https:\/\/tvsensor.com\/clanak\/11191-2\/embed\/#?secret=DAQcHqjoPl\" width=\"600\" height=\"338\" title=\"&#8220;El\u010di Ibrahim-pa\u0161a: Miroljubivi namjesnik i travni\u010dki vakif&#8221; &#8212; TVSensor\" data-secret=\"DAQcHqjoPl\" frameborder=\"0\" marginwidth=\"0\" marginheight=\"0\" scrolling=\"no\" class=\"wp-embedded-content\"><\/iframe><script type=\"text\/javascript\">\n\/* <![CDATA[ *\/\n\/*! This file is auto-generated *\/\n!function(d,l){\"use strict\";l.querySelector&&d.addEventListener&&\"undefined\"!=typeof URL&&(d.wp=d.wp||{},d.wp.receiveEmbedMessage||(d.wp.receiveEmbedMessage=function(e){var t=e.data;if((t||t.secret||t.message||t.value)&&!\/[^a-zA-Z0-9]\/.test(t.secret)){for(var s,r,n,a=l.querySelectorAll('iframe[data-secret=\"'+t.secret+'\"]'),o=l.querySelectorAll('blockquote[data-secret=\"'+t.secret+'\"]'),c=new RegExp(\"^https?:$\",\"i\"),i=0;i<o.length;i++)o[i].style.display=\"none\";for(i=0;i<a.length;i++)s=a[i],e.source===s.contentWindow&&(s.removeAttribute(\"style\"),\"height\"===t.message?(1e3<(r=parseInt(t.value,10))?r=1e3:~~r<200&&(r=200),s.height=r):\"link\"===t.message&&(r=new URL(s.getAttribute(\"src\")),n=new URL(t.value),c.test(n.protocol))&&n.host===r.host&&l.activeElement===s&&(d.top.location.href=t.value))}},d.addEventListener(\"message\",d.wp.receiveEmbedMessage,!1),l.addEventListener(\"DOMContentLoaded\",function(){for(var e,t,s=l.querySelectorAll(\"iframe.wp-embedded-content\"),r=0;r<s.length;r++)(t=(e=s[r]).getAttribute(\"data-secret\"))||(t=Math.random().toString(36).substring(2,12),e.src+=\"#?secret=\"+t,e.setAttribute(\"data-secret\",t)),e.contentWindow.postMessage({message:\"ready\",secret:t},\"*\")},!1)))}(window,document);\n\/* ]]> *\/\n<\/script>\n","thumbnail_url":"https:\/\/tvsensor.com\/wp-content\/uploads\/2019\/06\/travnik.jpg","thumbnail_width":1280,"thumbnail_height":720,"description":"Travnik, grad u srcu Bosne, prvi put se spominje 1463. godine za vrijeme osmanskih pohoda na Bosnu, ta\u010dnije pri prolasku sultana Mehmeda II Fatiha za Jajce. Me\u0111utim, tvr\u0111ava iznad dana\u0161njeg Travnika sagra\u0111ena je mnogo ranije, a narodne predaje osnivanje travni\u010dke tvr\u0111ave ve\u017eu za vrijeme vladavine bosanskog kralja Tvrtka II. U osmanskom periodu Travnik je bio [&hellip;]"}

Elči Ibrahim-paša: Miroljubivi namjesnik i travnički vakif

<blockquote class="wp-embedded-content" data-secret="DAQcHqjoPl"><a href="https://tvsensor.com/clanak/11191-2/">Elči Ibrahim-paša: Miroljubivi namjesnik i travnički vakif</a></blockquote><iframe sandbox="allow-scripts" security="restricted" src="https://tvsensor.com/clanak/11191-2/embed/#?secret=DAQcHqjoPl" width="600" height="338" title="&#8220;Elči Ibrahim-paša: Miroljubivi namjesnik i travnički vakif&#8221; &#8212; TVSensor" data-secret="DAQcHqjoPl" frameborder="0" marginwidth="0" marginheight="0" scrolling="no" class="wp-embedded-content"></iframe><script type="text/javascript">
/* <![CDATA[ */
/*! This file is auto-generated */
!function(d,l){"use strict";l.querySelector&&d.addEventListener&&"undefined"!=typeof URL&&(d.wp=d.wp||{},d.wp.receiveEmbedMessage||(d.wp.receiveEmbedMessage=function(e){var t=e.data;if((t||t.secret||t.message||t.value)&&!/[^a-zA-Z0-9]/.test(t.secret)){for(var s,r,n,a=l.querySelectorAll('iframe[data-secret="'+t.secret+'"]'),o=l.querySelectorAll('blockquote[data-secret="'+t.secret+'"]'),c=new RegExp("^https?:$","i"),i=0;i<o.length;i++)o[i].style.display="none";for(i=0;i<a.length;i++)s=a[i],e.source===s.contentWindow&&(s.removeAttribute("style"),"height"===t.message?(1e3<(r=parseInt(t.value,10))?r=1e3:~~r<200&&(r=200),s.height=r):"link"===t.message&&(r=new URL(s.getAttribute("src")),n=new URL(t.value),c.test(n.protocol))&&n.host===r.host&&l.activeElement===s&&(d.top.location.href=t.value))}},d.addEventListener("message",d.wp.receiveEmbedMessage,!1),l.addEventListener("DOMContentLoaded",function(){for(var e,t,s=l.querySelectorAll("iframe.wp-embedded-content"),r=0;r<s.length;r++)(t=(e=s[r]).getAttribute("data-secret"))||(t=Math.random().toString(36).substring(2,12),e.src+="#?secret="+t,e.setAttribute("data-secret",t)),e.contentWindow.postMessage({message:"ready",secret:t},"*")},!1)))}(window,document);
/* ]]> */
</script>

Travnik, grad u srcu Bosne, prvi put se spominje 1463. godine za vrijeme osmanskih pohoda na Bosnu, tačnije pri prolasku sultana Mehmeda II Fatiha za Jajce. Međutim, tvrđava iznad današnjeg Travnika sagrađena je mnogo ranije, a narodne predaje osnivanje travničke tvrđave vežu za vrijeme vladavine bosanskog kralja Tvrtka II. U osmanskom periodu Travnik je bio [&hellip;]
